ndreds digit of j?
8
Let u = 74 - 77. What is the units digit of -1*((-42)/(2 + 0) - u)?
8
Let p be 2/6 - (-2955)/45. Let s = p + -11. What is the tens digit of s?
5
Let i(z) = -59*z + 15. What is the hundreds digit of i(-7)?
4
Let n(q) be the first derivative of -q**2/2 - 5*q + 3. Let v be n(-5). Suppose j - 14 - 10 = v. What is the tens digit of j?
2
Let r(l) = l**3 + 24*l**2 + 21*l + 30. Let j be r(-23). Suppose 0 = -z - 2*p + j, 3*z - 2*p = -0*p + 212. What is the tens digit of z?
7
Let l(t) = -82*t**3. Let s be 3*((-50)/15 - -3). What is the units digit of l(s)?
2
Suppose -2*u + 4*k = -48 - 50, -k = 2*u - 123. What is the units digit of u?
9
Suppose -2*w + 3*o = o - 54, w - 3*o - 23 = 0. Let h = 43 - w. What is the tens digit of h?
1
Suppose 0 = 5*r + 20, 5*u + 3*r + 2 = -5. What is the tens digit of (3 - 0)*23*u?
6
What is the units digit of (-5180)/111*18/(-4)?
0
What is the thousands digit of (-32)/(-64)*734*3?
1
Let z = 5 + 5. Suppose -i = 5*u - 407, 1 = 3*i + z. What is the tens digit of u?
8
Let j(g) = g**3 - 15*g**2 + 3*g - 9. Let h be j(15). Let p be ((-18)/(-27))/(2/h). Suppose -42 = -2*t - p. What is the units digit of t?
5
Let q(y) be the first derivative of 3*y**2 + 11*y - 1. Suppose -198*i = -200*i + 10. What is the tens digit of q(i)?
4
Suppose 0 = 3*d - 5*p - 37, -2*p - 3*p = -5*d + 45. Suppose -163 - 257 = -d*y. Suppose 3*i - y = -2*i. What is the units digit of i?
1
Let r(f) = -2*f**3 - 11*f**2 + f + 6. Suppose -49 + 79 = -5*w. What is the tens digit of r(w)?
3
Suppose -2*h - 16 = d, 3*h + 71 - 2 = -4*d. Let i(s) = -s**3 - 17*s**2 + 13*s - 11. What is the units digit of i(d)?
9
Let h(u) = -12*u + 21. Let d be h(-7). What is the tens digit of (14/3)/(10/d)?
4
Let b(i) = -i**3 + 9*i**2 + 3*i - 31. Let t be b(9). What is the tens digit of 6/8 - (465/t)/1?
1
Suppose 2*z - 29 - 47 = 0. Suppose -2*x - 2*k + z = 0, -7*x + 2*x + k + 83 = 0. What is the units digit of x?
7
Let t(j) = j**3 + 6*j**2 - 7*j - 12. Let u be t(-6). Suppose f + q - u = 5*q, 4*q - 48 = -2*f. What is the units digit of f?
6
Let c(g) = g**2 + 4*g - 3. Let i be c(-5). Let a(y) = -5 - 5*y**2 - y**i + 5*y**2 + 5*y - y**3 + 6*y**2. What is the units digit of a(4)?
1
Let f(b) = b**3 - 8*b**2 - 25*b + 2. Suppose -4*w + 56 = -3*c, 5*w - 3*w - c - 26 = 0. What is the units digit of f(w)?
0
Let w be 3 + 17 + 0 + 0. Let d = w + -14. What is the units digit of (-52)/d*3/(-2)?
3
Let v(w) = 4*w**2 - 5*w + 6. Let c(m) = m - 1. Let g(s) = c(s) + v(s). What is the units digit of g(-5)?
5
Suppose -37*k = -41*k + 1184. Suppose k - 99 = g. What is the tens digit of g?
9
Let v be (3 + 1 + -4)/1. Suppose -x - 15 + 37 = v. Suppose 0 = 3*a - 4*a + x. What is the tens digit of a?
2
Let b = -115 - -123. Suppose 6*l = b*l - 88. What is the units digit of l?
4
Let z(k) = -148*k - 5. What is the tens digit of z(-6)?
8
Suppose -y = -2*u + 7261, -3*u - y + 492 = -10397. What is the tens digit of u?
3
Suppose 784 = j - 0*j + 3*n, 3104 = 4*j - 4*n. Let d = -545 + j. What is the tens digit of d?
3
Let p = -15 - 24. Let u = p + 80. What is the units digit of u?
1
Suppose 0 = 4*o + 18 - 74. Let v(y) = -y**3 + 14*y**2 + 4. Let m be v(o). Suppose -b = m*b - 85. What is the units digit of b?
7
Suppose -40 + 35 = -g. Let n(k) = 15*k + 16. What is the tens digit of n(g)?
9
Suppose 0 = 5*u - 0*u + 25. Let i be -3 - (-5)/(u/(-6)). Suppose -4*n + 47 = -b, n + i*b - 6*b = -2. What is the tens digit of n?
1
Suppose 0 = -4*o - 2*z + 54, -21 = -o - 4*z + z. Suppose 9*u - o*u = -234. What is the tens digit of u?
7
Let c(b) = -b**3 - 6*b**2 + 16*b + 15. Let p be c(-8). Suppose -4*t - 20 - 16 = 0. Let w = t + p. What is the units digit of w?
6
Suppose -7*n - 13 = 1. Let d = 55 + n. What is the units digit of d?
3
Let p be (14/(-4))/7*-2. What is the units digit of (-5 + p)/((-3)/6)?
8
Let k(y) = y**2 + 5*y - 5. Let u = 2 - -4. Suppose 2*x = -2*h - u, 4*h = 3*x + 36 - 6. What is the units digit of k(x)?
1
Suppose 6692 = -3*i + 17*i. What is the units digit of i?
8
Let i be (-5 - -4)/(6/(-42)). What is the tens digit of ((-86)/5)/(i/(-35))?
8
Suppose -73*h + 39772 - 7871 = 0. What is the units digit of h?
7
Let r(f) = 2*f**2 - 3*f + 1. Let t be r(2). Let q be (t - 2) + 2 - 3. Suppose q = -n - 0*n + 3. What is the units digit of n?
3
Suppose -c + 0*c = -24. Let h be (-2)/6 - c/9. Let k(p) = -19*p + 6. What is the units digit of k(h)?
3
Let u be (12/7)/(2/266). Suppose -u = -3*b - b. Suppose -q - b = -4*q. What is the tens digit of q?
1
Suppose -5*y = -2*q - 4, -4*q = -2*y - 0 + 8. Let r be (62/(-4) - q)*2. Let h = -16 - r. What is the units digit of h?
1
Let t(o) = 4*o**3 - 16*o**2 + 6*o + 5. Let f(c) = 7*c**3 - 31*c**2 + 13*c + 9. Let i(q) = -3*f(q) + 5*t(q). What is the tens digit of i(12)?
3
Suppose -12 = 11*m - 9*m. What is the units digit of (m/6)/(0 - (-1)/(-103))?
3
What is the tens digit of (-54)/(-432) + 1/(8/1935)?
4
Let r be 1220/55 - 4/22. Let a be 1 - (2*-1 - -4). Let n = r + a. What is the tens digit of n?
2
Let b = 46 + -43. Suppose 2*w - 299 = -2*w - 5*f, 5*w = b*f + 383. What is the units digit of w?
6
Let v be 1/5 - 3738/(-35). Let x = v - 27. What is the tens digit of x?
8
Suppose 2*h - 38 = -t, -4*t - 3*h + 94 = -63. Let b = t - -251. What is the tens digit of b?
9
Let c(o) = o + 3. Let t be c(-10). Let k(n) = n**3 + 9*n**2 + 10*n - 13. What is the tens digit of k(t)?
1
Suppose -5*l + 12250 = 5*g, 86*l = 88*l + 4*g - 4890. What is the thousands digit of l?
2
Suppose 3*m - 6 = 3*q + 3, -m = -3. Let i be q*(4 - 3) + 2. Suppose 5*l = -4*v + 244 - 103, i*v = -5*l + 73. What is the tens digit of v?
3
Let y be -2 - 0 - 2 - -20. Suppose 19*t - y*t = 0. Suppose -3*f + 41 + 76 = t. What is the tens digit of f?
3
Suppose 3*j = 4*t + t + 2, 0 = 4*j - 16. What is the tens digit of (-1140)/(-18) + t/(-6)?
6
Let r be 702/(-45)*(-10)/(-3). Let h = r - 24. What is the units digit of -2 - 1/(2/h)?
6
Suppose 0 = -4*f - p + 1071, -3*f + 6*f - 2*p = 795. What is the hundreds digit of f?
2
Let u(o) = o**2 - 9*o + 9. What is the units digit of u(13)?
1
Suppose -4*o + 3*r = -5338, 5*o + 349 - 7008 = -3*r. What is the thousands digit of o?
1
Suppose p = 3 + 8. Suppose p = 3*l - 4. Suppose -l*q = 3 - 13, 0 = -h - 4*q + 32. What is the tens digit of h?
2
Let x(a) = -7*a**2 + 14*a + 17. Let k(i) = -i**2 + i. Let v(r) = 6*k(r) - x(r). What is the tens digit of v(12)?
3
Let d(n) = 3*n - 18. Suppose 8*u - 16 = 6*u. What is the units digit of d(u)?
6
Suppose -2*n = -0*n - 482. What is the hundreds digit of n?
2
Let b = -1183 + 2639. What is the tens digit of b?
5
Let c be -3 - -6 - (-1 + 2). Suppose -5*p = c*p + 14. What is the tens digit of 2 - (p + -53 - -4)?
5
Let y(r) = -7*r + 2. Let p(v) = 8*v - 1. Let h(o) = 5*p(o) + 6*y(o). Let n(m) = 2*m + 15. Let g be n(-9). What is the units digit of h(g)?
3
Let l = -32 - -36. Suppose b + 5*x - 82 = -0*x, -l*b + 4*x = -232. What is the units digit of b?
2
Suppose 5111 + 139 = 5*n. What is the thousands digit of n?
1
What is the hundreds digit of (0 - 555/(-12))/(4/400)?
6
Let d = -9 - -12. Suppose 0*o = -d*o. What is the units digit of 10 + -2 + o + 1?
9
Let m(p) = 3*p**2 - p - 5. Let n(j) = -j**3 - 9*j**2 + 10*j + 5. Let c be n(-10). What is the units digit of m(c)?
5
Suppose 2*d + 579 = 895. What is the tens digit of d?
5
Let v(s) = -45*s - 113. What is the units digit of v(-22)?
7
Suppose -3270 = -106*r + 100*r. What is the hundreds digit of r?
5
Suppose q - 4 = 4*d, d + 3 = 2. Suppose -3*v + 3*m = -4*v + 42, q = -3*v + 2*m + 82. Suppose 5*a = 3*p + p - v, -p + 18 = 4*a. What is the units digit of p?
0
Let m = 69 - 90. Suppose -l = -3*b + 19, 8 = 5*l + 2*b + 188. Let n = m - l. What is the units digit of n?
3
Let h be ((-5)/(-10))/((-1)/(-8)). Suppose h = 2*k - 0*k. What is the tens digit of (-21)/k*(-16)/6?
2
Let s(r) = r**2 - 2*r + 1. Let v be s(1). Let t be (-7)/(-2)*(2 + 0). Suppose v = -t*y + 43 + 139. What is the tens digit of y?
2
Suppose 16*s + 266 = 17*s. What is the hundreds digit of s?
2
Suppose -2*g + 3*w = -519, 5*g - 6*w - 1275 = -3*w. Suppose -4*t = 5*j - j - g, -4*t = -j + 73. What is the units digit of j?
5
Let o(a) = -a**2 - 71*a + 2*a**2 + 72*a. Let k(n) = 6*n + 3. Let b(l) = -k(l) + 4*o(l). What is the units digit of b(3)?
7
Let s(o) = -o + 15. Suppo